*m. Calculate the highest common divisor of m and 105.
35
Let f be (-1614)/(-45) + (-38)/(-285). Calculate the greatest common factor of 96 and f.
12
Let r = -826 + 519. Let b = 478 + r. Let f = -13 - -32. Calculate the highest common divisor of f and b.
19
Let l = 20 + -12. Suppose 2*m = l*m. Suppose 3*v - 42 = -m*v. Calculate the highest common divisor of v and 126.
14
Let g be 5/3*66/55. Suppose u - g*l = -0*l + 791, -4 = -l. Suppose 2*r - 86 = b - 292, u = 4*b - 3*r. Calculate the greatest common factor of 28 and b.
28
Let r = 36 + 95. Let o = r - -100. Suppose -94 = -4*u - 2*v, 5*u + 15 = -4*v + 140. Calculate the greatest common divisor of o and u.
21
Let t = 19 - 19. Let j(q) = -2 - 1 + 2*q + t*q - 3. Let x be j(6). Calculate the greatest common factor of 6 and x.
6
Let w = -44 - -89. Suppose -i - j = 3*j, 4*i + j = w. Suppose 58 = 2*u - 134. Calculate the highest common factor of i and u.
12
Let b(s) = -s**3 + 15. Let t be b(0). Suppose 2*n + 0*n = -3*z + 221, -3*n = -5*z + 381. Calculate the greatest common divisor of t and z.
15
Suppose 7*c - 3*c + 5*m = 104, -c + 26 = -5*m. Let d = -13 + c. Calculate the greatest common factor of 13 and d.
13
Let w(f) = f**2 + 4*f - 8. Let m(q) = 12*q**2 + 51*q - 105. Let j(p) = -2*m(p) + 27*w(p). Let z be j(3). What is the highest common factor of z and 13?
13
Let z(o) = 7*o - 6. Let b be z(3). Let q be 24/(4 - b/6). What is the greatest common factor of 8 and q?
8
Let j be 40*((-6549)/(-592))/((-2)/(-8)). What is the greatest common factor of j and 30?
30
Suppose 16 = 4*b - 2*h - 286, 3*b = -5*h + 246. Calculate the highest common divisor of 7 and b.
7
Suppose -2*c + 5 - 1 = 0. Let y = -90 - -99. Suppose -19*p + 100 = -y*p. What is the greatest common divisor of c and p?
2
Let w = -60 - -32. Let l be (-1 + -1)*364/w. What is the greatest common divisor of 104 and l?
26
Let g(t) = -11*t - 367. Let k be g(-37). Calculate the greatest common factor of k and 35.
5
Let w = -2819 + 2871. Calculate the highest common factor of 13 and w.
13
Suppose 4*h + 6 + 70 = 0. Let y = h + 26. What is the greatest common factor of 7 and y?
7
Let f(x) = x**2 - 15*x + 24. Let h be f(17). What is the greatest common factor of h and 290?
58
Suppose 0 = -d + 3*d - 14. Let u = -2 + d. Suppose b - 4*b = 3*g - 18, u*g - 24 = -4*b. Calculate the highest common divisor of 2 and b.
2
Suppose -y + 135 = -0*o - o, -137 = -y + 3*o. Calculate the highest common factor of y and 737.
67
Suppose s = -2*i - 86, -3*i + 490 = -5*s + 2*i. Let w = -76 - s. What is the greatest common divisor of w and 24?
6
Let t = 406 - 206. What is the greatest common factor of 40 and t?
40
Let v(r) = -r + 4. Let m be v(2). Suppose -f - m*f - 2*t + 149 = 0, 45 = f - 4*t. Let w = 717 + -710. Calculate the highest common factor of w and f.
7
Let r be (-445)/(-55) - 9/99. Calculate the greatest common factor of r and 416.
8
Let z(s) = s**2 - 34*s - 64. Let u be z(36). What is the greatest common divisor of u and 648?
8
Let j(m) be the second derivative of -m**4/12 + 11*m**3/6 + 2*m**2 + 8*m. Let l be j(11). What is the highest common divisor of l and 36?
4
Suppose -20 = 5*g + 5*p, 2*g - 4*p + 26 = -g. Let i = 8 + g. What is the greatest common divisor of i and 26?
2
Suppose 3*z - 6*z + 2 = x, 0 = 2*x + 8. Let t = -3261 - -3263. What is the highest common divisor of t and z?
2
Suppose -500 = -6*s - 19*s. What is the greatest common factor of 160 and s?
20
Let y(s) = 75*s**2 + 57*s + 248. Let m be y(-4). What is the highest common divisor of 20 and m?
20
Suppose -146*d = -148*d + 32. What is the highest common factor of 16 and d?
16
Suppose c + 2*c = 87. Suppose 0*v = 2*v - t - 23, -v + 4*t + c = 0. Suppose 4*g = v*g - 300. Calculate the greatest common divisor of g and 12.
12
Suppose 3*s + 0 = 3, -4*s = -3*y + 1205. Calculate the highest common divisor of 13 and y.
13
Let r = -930 + 2510. What is the greatest common factor of r and 20?
20
Let l = -3 + 9. Suppose -v - l = -4*v. Let m(f) = -f + 5. Let x be m(3). What is the greatest common divisor of v and x?
2
Let l be 11/((-77)/(-826)) - -3. Calculate the highest common factor of 11 and l.
11
Let u(j) = 6*j + 136. Let h be u(-22). Suppose 0*k - 3*k = -9. Suppose 2*g - 5*g - 3 = -3*z, 0 = 4*g + k*z - 31. Calculate the highest common factor of g and h.
4
Suppose -5*g = -2*g - 15. Suppose -20 = g*u, -64 = -4*j + j - 2*u. Let s be ((-1)/1)/((-16)/576). Calculate the highest common factor of s and j.
12
Let d be (114/(-399))/(2 + 30/(-14)). What is the greatest common factor of d and 7?
1
Suppose 12 - 29 = -w. Let f = -11792 + 11809. What is the highest common divisor of f and w?
17
Let m(l) = -23*l + 17*l + 10*l - 2 + 10*l**2 + l**2. Let n be m(1). What is the greatest common divisor of n and 13?
13
Let c be ((-4)/(-5))/(2/(-20)). Let u be 27/(-9)*c/6. Suppose -j - u*t = -2*j + 56, 25 = -5*t. Calculate the highest common factor of 54 and j.
18
Let x = 221 - 200. What is the highest common factor of 273 and x?
21
Let f = 1216 - 826. Calculate the greatest common divisor of 624 and f.
78
Let t(a) = -a**3 + 5*a**2 - 3*a - 1. Let q be t(3). Suppose -2*x - 2*p = 3*x - 30, -23 = -2*x - 3*p. What is the highest common divisor of q and x?
4
Let y(s) = -s + 3. Let t be y(3). Suppose -4*d + t*d + 36 = 0. Suppose 5*m + 40 - 130 = 0. Calculate the highest common factor of m and d.
9
Let a be (2058/77)/7 - 4/(-22). Calculate the greatest common factor of a and 30.
2
Let z = 1 - -3. Suppose c - 3 = -3*m, 3*m = z - 1. Let t be c - 4 - (-372)/3. Calculate the greatest common divisor of 24 and t.
24
Let l(h) = 7*h - 230. Let b be l(36). What is the highest common divisor of 143 and b?
11
Let y(z) = -z - 2. Let b be y(-4). Suppose -b*i = i. Suppose i = 4*o - 111 - 209. Calculate the greatest common divisor of 10 and o.
10
Let r = 561 + -554. Calculate the highest common factor of 1169 and r.
7
Let w = -51 + 74. Let r = 396 - 189. Calculate the highest common divisor of r and w.
23
Let h(t) = t + 12. Let f = 37 + -25. Let p = f + -15. Let a be h(p). What is the highest common factor of 9 and a?
9
Suppose -k - 615 = -5*z, -3*k + 163 = 3*z - 224. Suppose -6*i = -10*i + z. What is the greatest common factor of i and 155?
31
Suppose 12*b - 145 - 575 = 0. Calculate the greatest common factor of 12 and b.
12
Suppose 2*c + 4*c + 6 = 0. Let q be (-10)/c - (-3 + 1). What is the highest common factor of 12 and q?
12
Let v = -39 + 43. Suppose y + 2*o = 10, v*o - 16 = -4*y + 20. What is the greatest common divisor of 28 and y?
4
Let s be ((-6)/(-18))/(1/12). Suppose m = 2*h - 142, -s*h + 126 + 160 = -3*m. What is the highest common divisor of 10 and h?
10
Suppose -171 - 479 = -10*d. Let h(w) = -w**3 + 9*w**2 + 1. Let p be h(8). Calculate the highest common factor of d and p.
65
Suppose -1083 + 39 = -3*x. What is the highest common divisor of x and 12?
12
Let y = -71 + 111. Calculate the greatest common divisor of 72 and y.
8
Let a(y) = y**2 + 18*y + 53. Let j be a(-15). Calculate the greatest common factor of j and 1.
1
Let s = -4 - -5. Let w be s/5 + (-108)/(-10). Suppose 2*b + 4*r = 226, 0*r - r = -2*b + 246. What is the highest common divisor of b and w?
11
Suppose 896 + 1184 = 5*s. What is the highest common factor of 78 and s?
26
Let d be (5/(-1))/(((-3)/(-6))/(-1)). What is the greatest common divisor of d and 610?
10
Suppose 191*y - 188*y - 2088 = 0. Calculate the highest common divisor of y and 58.
58
Let f(p) = p**3 + 30*p**2 + 3*p + 122. Let h be f(-30). What is the highest common divisor of 416 and h?
32
Suppose 0 = -m + 3, 4*m - 33 = 5*n - 126. Calculate the greatest common divisor of n and 448.
7
Suppose 0 + 283 = -4*z + 3*k, z = 5*k - 75. Let w be z/(-21)*60/2. Suppose r - 4*r + 5*t = -w, 4*r - 124 = 2*t. What is the greatest common factor of r and 75?
15
Let v be (-3)/((27/(-12))/3). Suppose 532 = -v*w + 8*w. Calculate the greatest common divisor of 19 and w.
19
Let a(y) = -82*y + 19. Let q be a(-5). Calculate the highest common factor of 39 and q.
39
Let f(x) = -x**3 - 2*x**2 - 4*x - 1. Let a be f(-3). Let s = -15 - -16. Let o = 9 - s. Calculate the greatest common factor of a and o.
4
Let d = 93 + 137. What is the highest common divisor of d and 20?
10
Suppose -4*y + 214 = -l, -y + 3*l = -13 - 35. What is the highest comm